 216 = -m. Suppose b = 6*z - 147. What is the remainder when 59 is divided by z?
28
Let z be -134 - (-2 - 12/(-4)). Let w be (-6)/10 - (-2)/(50/z). Calculate the remainder when (-22)/(-33) - 332/w is divided by 31.
25
What is the remainder when 514 is divided by 128/32*(2 + 8)?
34
Let f be 69/(-46)*(-70)/3. Suppose f*b - 180 = 15*b. What is the remainder when 57 is divided by b?
3
Calculate the remainder when -4 + 1244/48 + 5*1/60 is divided by (-177)/(-15) - (-1)/5.
10
Suppose -5*c = -b - 1816, -2*b + 5*b + 3 = 0. Calculate the remainder when c is divided by 72 + (7 - 6) + 0.
71
Suppose 412*r = 414*r - 8. Let u(w) = w**3 - 2*w**2 - 2*w + 7. Calculate the remainder when 117 is divided by u(r).
24
Suppose 0 = 3*t + 3*q - 96, -4*t - 2*q + 127 = q. What is the remainder when t is divided by (7469/(-97))/((-14)/4)?
9
Suppose -2*r - 138 = -2*s - 158, -82 = -5*r - 3*s. Calculate the remainder when 10427 is divided by r.
11
Suppose 567 = -652*p + 661*p. Calculate the remainder when 248 is divided by p.
59
Suppose 3*b + 2561 = p, 10647 = 5*p + 4*b - 2253. Suppose -p = -9*y - 785. What is the remainder when y is divided by 17?
12
Let c(d) = 692*d - 974. What is the remainder when c(2) is divided by 107?
89
Let t = -293 + 320. Suppose -30 = t*l - 37*l. What is the remainder when 26 is divided by l?
2
Let b(y) = y - 381*y**2 - 1 - 66*y**3 - 1 + 3 + 382*y**2. Calculate the remainder when 123 is divided by b(-1).
56
Let u = 41 - -10. Suppose 3*n = f - u, 5*n - 187 = -5*f + 3*n. Suppose 0 = q - 2*c - 18, -2*c + 4 - 30 = -2*q. Calculate the remainder when f is divided by q.
7
Let a(z) = 2*z**3 + 11*z**2 - 9. Calculate the remainder when 1262 is divided by a(-5).
14
Suppose 3*c = 2*k + 716, 0*k = -2*c + 2*k + 478. Calculate the remainder when c is divided by 37.
16
What is the remainder when 337 is divided by -3*(-153)/(-54)*-6?
31
Let g(k) = -1340*k**3 - 17*k + 16. Let x(y) = -335*y**3 - 4*y + 4. Let l(f) = 2*g(f) - 9*x(f). Calculate the remainder when l(1) is divided by 14.
11
Let l be 20/(-2) + (4 - 1). Let r = 25 - l. Suppose 3*a = a + r. Calculate the remainder when 63 is divided by a.
15
Let s(j) = 167*j + 191. Calculate the remainder when 2776 is divided by s(-1).
16
Suppose w - 2 = -5*i + 114, 5*i - 480 = -5*w. Suppose 0 = 4*y + 140 - 36. Let n = 46 + y. What is the remainder when w is divided by n?
11
Let m = 5025 - 816. Calculate the remainder when m is divided by 108.
105
Suppose 0 = 3*q - 6*q + 6. Suppose -3*t - q*t - 3 = -4*a, -3*t + 15 = 0. What is the remainder when 83 is divided by a?
6
Let g(l) = -l**2 + l. Let o be g(3). Let s(w) = w**2 + 4*w - 12. Let c be s(o). Let a(q) = q**2 + 5*q + 218. What is the remainder when a(c) is divided by 22?
20
Suppose -k + 5*j + 174 = 0, 3*j + 522 = -346*k + 349*k. Calculate the remainder when 518 is divided by k.
170
Let z(l) = 7*l**2 - 19*l + 16. Let s(n) = -4*n**2 + 9*n - 8. Let i(c) = -5*s(c) - 3*z(c). What is the remainder when i(7) is divided by 1/(-12) + 12921/2124?
3
Let p(q) = q**3 - 14*q**2 - 42*q - 54. What is the remainder when 324 is divided by p(17)?
27
Let g be 7 + -12 - (-6)/(-3). Let i(w) = -w**3 - 8*w**2 - 9*w - 1. Calculate the remainder when i(g) is divided by 12.
1
Suppose -127*z = -84*z - 15552 - 17128. Calculate the remainder when z is divided by 376.
8
Let o = -11 + 5. Let j(w) = w**3 + 8*w**2 + 5*w - 8. Let f = 19 - 10. What is the remainder when j(o) is divided by f?
7
Suppose -n = -5*n - 208. Let x = -52 - n. Suppose -5*w = -13 - 12, -t + 3*w - 2 = x. Calculate the remainder when 77 is divided by t.
12
Suppose -12*l + 4*l + 23480 = 0. Let t be l/(-45) + 3*8/108. Calculate the remainder when -2*t/4*2 is divided by 17.
14
Let f(t) = 7*t**2. Suppose 4*o + 736 = -4*y, 2*y - o = -50 - 318. Let c = 187 + y. What is the remainder when f(1) is divided by c?
1
Suppose 2*b - 56 = -m, 0 = -b + 3*b + 2*m - 58. Let y = -65 + 70. Suppose 0 = 14*z - y*z - 135. What is the remainder when b is divided by z?
12
Let b = 1837 + -1769. Let z = -13 - -21. Let x(n) = n**3 - 8*n**2 + 2*n + 7. Calculate the remainder when b is divided by x(z).
22
Let s = -889 + 290. Let q = 662 + s. What is the remainder when q is divided by 36/(-8)*32/(-6)?
15
Suppose -12*y = 13*y - 175. What is the remainder when 188 is divided by (y + -4)*(0 - -7)?
20
Suppose -6*q + 508 = 64. Calculate the remainder when 232 is divided by q.
10
Suppose 38*t - 7445 = 3157. What is the remainder when t is divided by 48?
39
Suppose -22*p + 336 = -10*p. Calculate the remainder when 58 is divided by ((-14)/p)/(1/(-12)).
4
Let x(g) = -6*g + 1. Let f(v) = v**2 + 6. Let k be f(-3). Let h = k + 19. Calculate the remainder when h is divided by x(-1).
6
Calculate the remainder when 318 is divided by (-68 + 12)/(-7) + 1.
3
Let r = 9360 - 9276. What is the remainder when 163 is divided by r?
79
Let b be 5 - 5*(-14)/35. Let m(o) = o + 12. Let d(i) = -42*i + 3. What is the remainder when d(-3) is divided by m(b)?
15
Let p = 677 + -644. Let m = 47 - p. What is the remainder when 361 is divided by m?
11
Suppose 22*f - 21*f = 25. Suppose -5*t = -3*t + 4*q - 112, -5*t = 3*q - 280. Suppose k - t = -f. Calculate the remainder when k is divided by 11.
9
What is the remainder when (-3 - -2 - -4)*(10 + (-18256)/(-48)) is divided by 23?
21
Let h = 52 + -50. Let b(o) = 2*o**2 - 54*o + 351. What is the remainder when b(8) is divided by h?
1
Suppose -5*y - 2*j + 80 = 0, 0 = 2*y - 6*y + 4*j + 64. Calculate the remainder when 112 is divided by y.
0
Suppose 226*o = -46*o + 37653 - 11813. Calculate the remainder when 2849 is divided by o.
94
Let d(i) = -4*i**3 - 8*i**2 + 6*i + 99. What is the remainder when 417 is divided by d(-4)?
11
Suppose 59*n + 280 = 62*n + 4*f, n + f = 95. What is the remainder when n is divided by 58?
42
Suppose 0 = 3*v - 34 - 29. Let l(x) = -7*x - 13. What is the remainder when v is divided by l(-3)?
5
Let z = 59024 + -59016. What is the remainder when (43/(-2) - -2)*-2 is divided by z?
7
Let t = -724 - -930. What is the remainder when t is divided by 195?
11
Let m(k) = -k**3 + 10*k**2 + 2*k - 14. Let a be m(10). Suppose 0*p + 18 = 6*p. Calculate the remainder when (-1*a)/((-6)/36) is divided by p.
0
Suppose 0 = -11*t + 17*t - 90. Suppose 3*r = t, -5*d = -3*r - 58 - 12. Suppose 0 = 4*i - d + 5. What is the remainder when 3 is divided by i?
0
Suppose n - 180 = 710. Suppose 59*p + n = 64*p. Calculate the remainder when p is divided by 79.
20
Suppose 5*u - 5*t + 75 = 0, 5*u = 4*t - 64 - 6. What is the remainder when (-119)/(-2) - u*30/(-200) is divided by 13?
6
Let l(d) = 10*d + 189. Let a = -763 + 1446. What is the remainder when a is divided by l(-14)?
46
Suppose f - 551 = -4*q - 0*f, 0 = 4*q - 5*f - 533. Let s = -180 + 250. What is the remainder when q is divided by s?
67
Suppose 0 = 4*n + 81*c - 80*c - 1359, 4*n = -6*c + 1374. What is the remainder when n is divided by 116?
107
Let l = 566 - 312. Let c = -220 + l. Calculate the remainder when 394/4 + 2/4 is divided by c.
31
Suppose 5*b - 140 = -0*b + 5*z, -b = -4*z - 7. What is the remainder when 1949 is divided by b?
24
Let r(k) = -3*k**3 + 4*k**2 - 8*k - 27. Let u be r(-3). What is the remainder when 28 is divided by (2 + (-23)/6)/((-19)/u)?
6
Suppose 3 = n - 61. Let m = n - 62. Calculate the remainder when 4 is divided by m.
0
Let n(y) = y**3 + 133*y**2 - 977*y - 8. Calculate the remainder when n(7) is divided by (2 - (-3)/(-2))*14.
6
Let v = -241 - -970. Calculate the remainder when v is divided by 26.
1
Suppose -11*x - 5*p = -12*x + 88, -5*p - 15 = 0. Suppose -2*s - 7*q + 2*q + 31 = 0, 4*s - 107 = -q. What is the remainder when x is divided by s?
17
Calculate the remainder when 8/(-40) - 4280/(-25) is divided by 52.
15
Calculate the remainder when (0 - -861)/((-25)/(150/(-9))) is divided by 11.
2
Suppose -57*h = -4*h - 9275. What is the remainder when h is divided by 21?
7
Suppose -53 - 46 = -3*r. Suppose 4*x + 29*l - 232 = 26*l, 4*l = 0. What is the remainder when r is divided by 2/(3 - x/20)?
13
Let f = 7 - -39. Suppose 13*b - 6 = f. Calculate the remainder when (-27)/(1*2/(b/(-2))) is divided by 8.
3
Suppose 2773 - 2767 = -3*r. Let g = 110 - 46. What is the remainder when 28 is divided by (12/g*-4)/(r/16)?
4
Let x(d) = 484*d**3 + 3*d**2 - 168*d + 166. Calculate the remainder when